{"id":236,"date":"2020-03-07T22:49:16","date_gmt":"2020-03-07T21:49:16","guid":{"rendered":"https:\/\/notredamedechine.fr\/?page_id=236"},"modified":"2022-07-14T16:36:16","modified_gmt":"2022-07-14T14:36:16","slug":"le-conseil-pastoral","status":"publish","type":"page","link":"https:\/\/notredamedechine.fr\/?page_id=236","title":{"rendered":"Le conseil pastoral"},"content":{"rendered":"\n<p>Constitu\u00e9 d\u2019une quinzaine de membres la\u00efcs et des pr\u00eatres, il se r\u00e9unit plusieurs fois par an. Les membres la\u00efcs et les pr\u00eatres discernent ensemble les besoins de la communaut\u00e9, et \u00e0 d\u00e9cider des orientations pastorales. C\u2019est un lieu de r\u00e9flexion et de choix pour accompagner la communaut\u00e9 en lien avec l\u2019\u00e9glise catholique \u00e0 Paris.<\/p>\n\n\n\n<figure class=\"wp-block-image size-large\"><img loading=\"lazy\" decoding=\"async\" width=\"1024\" height=\"768\" src=\"https:\/\/notredamedechine.fr\/wp-content\/uploads\/2022\/07\/WeChat-Image_20220714163249-1024x768.jpg\" alt=\"\" class=\"wp-image-752\" srcset=\"https:\/\/notredamedechine.fr\/wp-content\/uploads\/2022\/07\/WeChat-Image_20220714163249-1024x768.jpg 1024w, https:\/\/notredamedechine.fr\/wp-content\/uploads\/2022\/07\/WeChat-Image_20220714163249-300x225.jpg 300w, https:\/\/notredamedechine.fr\/wp-content\/uploads\/2022\/07\/WeChat-Image_20220714163249-768x576.jpg 768w, https:\/\/notredamedechine.fr\/wp-content\/uploads\/2022\/07\/WeChat-Image_20220714163249-1536x1152.jpg 1536w, https:\/\/notredamedechine.fr\/wp-content\/uploads\/2022\/07\/WeChat-Image_20220714163249.jpg 1702w\" sizes=\"auto, (max-width: 1024px) 100vw, 1024px\" \/><\/figure>\n","protected":false},"excerpt":{"rendered":"<p>Constitu\u00e9 d\u2019une quinzaine de membres la\u00efcs et des pr\u00eatres, il se r\u00e9unit plusieurs fois par an. Les membres la\u00efcs et les pr\u00eatres discernent ensemble les besoins de la communaut\u00e9, et \u00e0 d\u00e9cider des orientations pastorales. C\u2019est un lieu de r\u00e9flexion et de choix pour accompagner la communaut\u00e9 en lien avec l\u2019\u00e9glise catholique \u00e0 Paris.<\/p>\n","protected":false},"author":4,"featured_media":0,"parent":0,"menu_order":0,"comment_status":"closed","ping_status":"closed","template":"","meta":{"footnotes":""},"class_list":["post-236","page","type-page","status-publish","hentry"],"_links":{"self":[{"href":"https:\/\/notredamedechine.fr\/index.php?rest_route=\/wp\/v2\/pages\/236","targetHints":{"allow":["GET"]}}],"collection":[{"href":"https:\/\/notredamedechine.fr\/index.php?rest_route=\/wp\/v2\/pages"}],"about":[{"href":"https:\/\/notredamedechine.fr\/index.php?rest_route=\/wp\/v2\/types\/page"}],"author":[{"embeddable":true,"href":"https:\/\/notredamedechine.fr\/index.php?rest_route=\/wp\/v2\/users\/4"}],"replies":[{"embeddable":true,"href":"https:\/\/notredamedechine.fr\/index.php?rest_route=%2Fwp%2Fv2%2Fcomments&post=236"}],"version-history":[{"count":3,"href":"https:\/\/notredamedechine.fr\/index.php?rest_route=\/wp\/v2\/pages\/236\/revisions"}],"predecessor-version":[{"id":753,"href":"https:\/\/notredamedechine.fr\/index.php?rest_route=\/wp\/v2\/pages\/236\/revisions\/753"}],"wp:attachment":[{"href":"https:\/\/notredamedechine.fr\/index.php?rest_route=%2Fwp%2Fv2%2Fmedia&parent=236"}],"curies":[{"name":"wp","href":"https:\/\/api.w.org\/{rel}","templated":true}]}}

<p>Constitué d’une quinzaine de membres laïcs et des prêtres, il se réunit plusieurs fois par an. Les membres laïcs et les prêtres discernent ensemble les besoins de la communauté, et à décider des orientations pastorales. C’est un lieu de réflexion et de choix pour accompagner la communauté en lien avec l’église catholique à Paris.</p>



<figure class="wp-block-image size-large"><img loading="lazy" decoding="async" width="1024" height="768" src="https://notredamedechine.fr/wp-content/uploads/2022/07/WeChat-Image_20220714163249-1024x768.jpg" alt="" class="wp-image-752" srcset="https://notredamedechine.fr/wp-content/uploads/2022/07/WeChat-Image_20220714163249-1024x768.jpg 1024w, https://notredamedechine.fr/wp-content/uploads/2022/07/WeChat-Image_20220714163249-300x225.jpg 300w, https://notredamedechine.fr/wp-content/uploads/2022/07/WeChat-Image_20220714163249-768x576.jpg 768w, https://notredamedechine.fr/wp-content/uploads/2022/07/WeChat-Image_20220714163249-1536x1152.jpg 1536w, https://notredamedechine.fr/wp-content/uploads/2022/07/WeChat-Image_20220714163249.jpg 1702w" sizes="auto, (max-width: 1024px) 100vw, 1024px" /></figure>

<p>Constitué d’une quinzaine de membres laïcs et des prêtres, il se réunit plusieurs fois par an. Les membres laïcs et les prêtres discernent ensemble les besoins de la communauté, et à décider des orientations pastorales. C’est un lieu de réflexion et de choix pour accompagner la communauté en lien avec l’église catholique à Paris.</p>
