{"id":307,"date":"2020-03-08T19:46:45","date_gmt":"2020-03-08T18:46:45","guid":{"rendered":"https:\/\/notredamedechine.fr\/?page_id=307"},"modified":"2020-03-08T22:26:17","modified_gmt":"2020-03-08T21:26:17","slug":"lequipe-florale","status":"publish","type":"page","link":"https:\/\/notredamedechine.fr\/?page_id=307","title":{"rendered":"L\u2019Equipe florale"},"content":{"rendered":"\n<div class=\"wp-block-image is-style-circle-mask\"><figure class=\"alignleft size-large is-resized\"><img loading=\"lazy\" decoding=\"async\" src=\"https:\/\/notredamedechine.fr\/wp-content\/uploads\/2020\/03\/p.8-Equipe-florale-768x1024.jpg\" alt=\"\" class=\"wp-image-308\" width=\"152\" height=\"202\" srcset=\"https:\/\/notredamedechine.fr\/wp-content\/uploads\/2020\/03\/p.8-Equipe-florale-768x1024.jpg 768w, https:\/\/notredamedechine.fr\/wp-content\/uploads\/2020\/03\/p.8-Equipe-florale-225x300.jpg 225w, https:\/\/notredamedechine.fr\/wp-content\/uploads\/2020\/03\/p.8-Equipe-florale-1152x1536.jpg 1152w, https:\/\/notredamedechine.fr\/wp-content\/uploads\/2020\/03\/p.8-Equipe-florale-1536x2048.jpg 1536w, https:\/\/notredamedechine.fr\/wp-content\/uploads\/2020\/03\/p.8-Equipe-florale-scaled.jpg 1920w\" sizes=\"auto, (max-width: 152px) 100vw, 152px\" \/><\/figure><\/div>\n\n\n<p><!--StartFragment--><\/p>\n<p><!--EndFragment--><\/p>\n\n\n<p>L\u2019Equipe florale contribue \u00e0 embellir l\u2019\u00e9glise par la d\u00e9coration florale. Fleurir l\u2019autel est une d\u00e9marche symbolique en liturgie. Les \u0153uvres florales sont une expression artistique pour rendre louange \u00e0 Dieu. Une belle d\u00e9coration florale aide les fid\u00e8les \u00e0 se mettre en pr\u00e9sence du Seigneur et \u00e0 Le prier.  <\/p>\n","protected":false},"excerpt":{"rendered":"<p>L\u2019Equipe florale contribue \u00e0 embellir l\u2019\u00e9glise par la d\u00e9coration florale. Fleurir l\u2019autel est une d\u00e9marche symbolique en liturgie. Les \u0153uvres florales sont une expression artistique pour rendre louange \u00e0 Dieu. Une belle d\u00e9coration florale aide les fid\u00e8les \u00e0 se mettre en pr\u00e9sence du Seigneur et \u00e0 Le prier.<\/p>\n","protected":false},"author":4,"featured_media":0,"parent":0,"menu_order":0,"comment_status":"closed","ping_status":"closed","template":"","meta":{"footnotes":""},"class_list":["post-307","page","type-page","status-publish","hentry"],"_links":{"self":[{"href":"https:\/\/notredamedechine.fr\/index.php?rest_route=\/wp\/v2\/pages\/307","targetHints":{"allow":["GET"]}}],"collection":[{"href":"https:\/\/notredamedechine.fr\/index.php?rest_route=\/wp\/v2\/pages"}],"about":[{"href":"https:\/\/notredamedechine.fr\/index.php?rest_route=\/wp\/v2\/types\/page"}],"author":[{"embeddable":true,"href":"https:\/\/notredamedechine.fr\/index.php?rest_route=\/wp\/v2\/users\/4"}],"replies":[{"embeddable":true,"href":"https:\/\/notredamedechine.fr\/index.php?rest_route=%2Fwp%2Fv2%2Fcomments&post=307"}],"version-history":[{"count":3,"href":"https:\/\/notredamedechine.fr\/index.php?rest_route=\/wp\/v2\/pages\/307\/revisions"}],"predecessor-version":[{"id":485,"href":"https:\/\/notredamedechine.fr\/index.php?rest_route=\/wp\/v2\/pages\/307\/revisions\/485"}],"wp:attachment":[{"href":"https:\/\/notredamedechine.fr\/index.php?rest_route=%2Fwp%2Fv2%2Fmedia&parent=307"}],"curies":[{"name":"wp","href":"https:\/\/api.w.org\/{rel}","templated":true}]}}