{"id":320,"date":"2020-03-08T19:55:23","date_gmt":"2020-03-08T18:55:23","guid":{"rendered":"https:\/\/notredamedechine.fr\/?page_id=320"},"modified":"2020-03-08T22:31:32","modified_gmt":"2020-03-08T21:31:32","slug":"lequipe-de-convivialite","status":"publish","type":"page","link":"https:\/\/notredamedechine.fr\/?page_id=320","title":{"rendered":"L\u2019Equipe de convivialit\u00e9"},"content":{"rendered":"\n<div class=\"wp-block-image is-style-circle-mask\"><figure class=\"alignleft size-large is-resized\"><img loading=\"lazy\" decoding=\"async\" src=\"https:\/\/notredamedechine.fr\/wp-content\/uploads\/2020\/03\/p.10-683x1024.jpg\" alt=\"\" class=\"wp-image-321\" width=\"265\" height=\"396\" srcset=\"https:\/\/notredamedechine.fr\/wp-content\/uploads\/2020\/03\/p.10-683x1024.jpg 683w, https:\/\/notredamedechine.fr\/wp-content\/uploads\/2020\/03\/p.10-200x300.jpg 200w, https:\/\/notredamedechine.fr\/wp-content\/uploads\/2020\/03\/p.10-scaled.jpg 1707w\" sizes=\"auto, (max-width: 265px) 100vw, 265px\" \/><\/figure><\/div>\n\n\n\n<p class=\"has-text-align-left\"> <\/p>\n\n\n\n<p><\/p>\n\n\n\n<p class=\"has-text-align-left\">L\u2019Equipe de convivialit\u00e9 s\u2019occupe de pr\u00e9parer le d\u00e9jeuner apr\u00e8s chaque messe dominicale. Avant de se quitter pour retourner aux quatre coins de l\u2019\u00eele de France, les paroissiens sont tous invit\u00e9s \u00e0 prendre le repas ensemble. C\u2019est un temps convivial sp\u00e9cifique \u00e0 Notre Dame de Chine. L\u2019Equipe de convivialit\u00e9 s\u2019occupe aussi des repas lors des temps forts de la paroisse. <\/p>\n","protected":false},"excerpt":{"rendered":"<p>L\u2019Equipe de convivialit\u00e9 s\u2019occupe de pr\u00e9parer le d\u00e9jeuner apr\u00e8s chaque messe dominicale. Avant de se quitter pour retourner aux quatre coins de l\u2019\u00eele de France, les paroissiens sont tous invit\u00e9s \u00e0 prendre le repas ensemble. C\u2019est un temps convivial sp\u00e9cifique \u00e0 Notre Dame de Chine. L\u2019Equipe de convivialit\u00e9 s\u2019occupe aussi des repas lors des temps [&hellip;]<\/p>\n","protected":false},"author":4,"featured_media":0,"parent":0,"menu_order":0,"comment_status":"closed","ping_status":"closed","template":"","meta":{"footnotes":""},"class_list":["post-320","page","type-page","status-publish","hentry"],"_links":{"self":[{"href":"https:\/\/notredamedechine.fr\/index.php?rest_route=\/wp\/v2\/pages\/320","targetHints":{"allow":["GET"]}}],"collection":[{"href":"https:\/\/notredamedechine.fr\/index.php?rest_route=\/wp\/v2\/pages"}],"about":[{"href":"https:\/\/notredamedechine.fr\/index.php?rest_route=\/wp\/v2\/types\/page"}],"author":[{"embeddable":true,"href":"https:\/\/notredamedechine.fr\/index.php?rest_route=\/wp\/v2\/users\/4"}],"replies":[{"embeddable":true,"href":"https:\/\/notredamedechine.fr\/index.php?rest_route=%2Fwp%2Fv2%2Fcomments&post=320"}],"version-history":[{"count":6,"href":"https:\/\/notredamedechine.fr\/index.php?rest_route=\/wp\/v2\/pages\/320\/revisions"}],"predecessor-version":[{"id":493,"href":"https:\/\/notredamedechine.fr\/index.php?rest_route=\/wp\/v2\/pages\/320\/revisions\/493"}],"wp:attachment":[{"href":"https:\/\/notredamedechine.fr\/index.php?rest_route=%2Fwp%2Fv2%2Fmedia&parent=320"}],"curies":[{"name":"wp","href":"https:\/\/api.w.org\/{rel}","templated":true}]}}