{"id":326,"date":"2020-03-08T19:59:04","date_gmt":"2020-03-08T18:59:04","guid":{"rendered":"https:\/\/notredamedechine.fr\/?page_id=326"},"modified":"2020-03-08T19:59:04","modified_gmt":"2020-03-08T18:59:04","slug":"lequipe-de-proprete","status":"publish","type":"page","link":"https:\/\/notredamedechine.fr\/?page_id=326","title":{"rendered":"L\u2019Equipe de propret\u00e9"},"content":{"rendered":"\n<p>La propret\u00e9 est importante pour maintenir un cadre agr\u00e9able. Une \u00e9quipe de paroissiens s\u2019occupe de nettoyer la chapelle et les autres locaux de la paroisse. Leur travail contribue au bien-\u00eatre de la communaut\u00e9. <\/p>\n","protected":false},"excerpt":{"rendered":"<p>La propret\u00e9 est importante pour maintenir un cadre agr\u00e9able. Une \u00e9quipe de paroissiens s\u2019occupe de nettoyer la chapelle et les autres locaux de la paroisse. Leur travail contribue au bien-\u00eatre de la communaut\u00e9.<\/p>\n","protected":false},"author":4,"featured_media":0,"parent":0,"menu_order":0,"comment_status":"closed","ping_status":"closed","template":"","meta":{"footnotes":""},"class_list":["post-326","page","type-page","status-publish","hentry"],"_links":{"self":[{"href":"https:\/\/notredamedechine.fr\/index.php?rest_route=\/wp\/v2\/pages\/326","targetHints":{"allow":["GET"]}}],"collection":[{"href":"https:\/\/notredamedechine.fr\/index.php?rest_route=\/wp\/v2\/pages"}],"about":[{"href":"https:\/\/notredamedechine.fr\/index.php?rest_route=\/wp\/v2\/types\/page"}],"author":[{"embeddable":true,"href":"https:\/\/notredamedechine.fr\/index.php?rest_route=\/wp\/v2\/users\/4"}],"replies":[{"embeddable":true,"href":"https:\/\/notredamedechine.fr\/index.php?rest_route=%2Fwp%2Fv2%2Fcomments&post=326"}],"version-history":[{"count":1,"href":"https:\/\/notredamedechine.fr\/index.php?rest_route=\/wp\/v2\/pages\/326\/revisions"}],"predecessor-version":[{"id":327,"href":"https:\/\/notredamedechine.fr\/index.php?rest_route=\/wp\/v2\/pages\/326\/revisions\/327"}],"wp:attachment":[{"href":"https:\/\/notredamedechine.fr\/index.php?rest_route=%2Fwp%2Fv2%2Fmedia&parent=326"}],"curies":[{"name":"wp","href":"https:\/\/api.w.org\/{rel}","templated":true}]}}