{"id":334,"date":"2020-03-08T20:03:27","date_gmt":"2020-03-08T19:03:27","guid":{"rendered":"https:\/\/notredamedechine.fr\/?page_id=334"},"modified":"2020-03-08T20:03:28","modified_gmt":"2020-03-08T19:03:28","slug":"lequipe-de-communication","status":"publish","type":"page","link":"https:\/\/notredamedechine.fr\/?page_id=334","title":{"rendered":"L\u2019Equipe de communication"},"content":{"rendered":"\n<p> L\u2019Equipe de communication s\u2019occupe du guide pratique, du site web ainsi que des r\u00e9seaux sociaux de la paroisse. Elle est compos\u00e9e de paroissiens b\u00e9n\u00e9voles qui ont pour vocation de propager l\u2019Evangile en utilisant les nouvelles technologies de l\u2019information et de la communication. <\/p>\n","protected":false},"excerpt":{"rendered":"<p>L\u2019Equipe de communication s\u2019occupe du guide pratique, du site web ainsi que des r\u00e9seaux sociaux de la paroisse. Elle est compos\u00e9e de paroissiens b\u00e9n\u00e9voles qui ont pour vocation de propager l\u2019Evangile en utilisant les nouvelles technologies de l\u2019information et de la communication.<\/p>\n","protected":false},"author":4,"featured_media":0,"parent":0,"menu_order":0,"comment_status":"closed","ping_status":"closed","template":"","meta":{"footnotes":""},"class_list":["post-334","page","type-page","status-publish","hentry"],"_links":{"self":[{"href":"https:\/\/notredamedechine.fr\/index.php?rest_route=\/wp\/v2\/pages\/334","targetHints":{"allow":["GET"]}}],"collection":[{"href":"https:\/\/notredamedechine.fr\/index.php?rest_route=\/wp\/v2\/pages"}],"about":[{"href":"https:\/\/notredamedechine.fr\/index.php?rest_route=\/wp\/v2\/types\/page"}],"author":[{"embeddable":true,"href":"https:\/\/notredamedechine.fr\/index.php?rest_route=\/wp\/v2\/users\/4"}],"replies":[{"embeddable":true,"href":"https:\/\/notredamedechine.fr\/index.php?rest_route=%2Fwp%2Fv2%2Fcomments&post=334"}],"version-history":[{"count":1,"href":"https:\/\/notredamedechine.fr\/index.php?rest_route=\/wp\/v2\/pages\/334\/revisions"}],"predecessor-version":[{"id":335,"href":"https:\/\/notredamedechine.fr\/index.php?rest_route=\/wp\/v2\/pages\/334\/revisions\/335"}],"wp:attachment":[{"href":"https:\/\/notredamedechine.fr\/index.php?rest_route=%2Fwp%2Fv2%2Fmedia&parent=334"}],"curies":[{"name":"wp","href":"https:\/\/api.w.org\/{rel}","templated":true}]}}

<p> L’Equipe de communication s’occupe du guide pratique, du site web ainsi que des réseaux sociaux de la paroisse. Elle est composée de paroissiens bénévoles qui ont pour vocation de propager l’Evangile en utilisant les nouvelles technologies de l’information et de la communication. </p>

<p>L’Equipe de communication s’occupe du guide pratique, du site web ainsi que des réseaux sociaux de la paroisse. Elle est composée de paroissiens bénévoles qui ont pour vocation de propager l’Evangile en utilisant les nouvelles technologies de l’information et de la communication.</p>
