{"id":338,"date":"2020-03-08T20:04:33","date_gmt":"2020-03-08T19:04:33","guid":{"rendered":"https:\/\/notredamedechine.fr\/?page_id=338"},"modified":"2020-03-08T20:04:34","modified_gmt":"2020-03-08T19:04:34","slug":"lequipe-de-visite","status":"publish","type":"page","link":"https:\/\/notredamedechine.fr\/?page_id=338","title":{"rendered":"L\u2019Equipe de visite"},"content":{"rendered":"\n<p>Les personnes \u00e9prouv\u00e9es par l\u2019\u00e2ge ou la maladie ont besoin de soutien.\u00a0\u00a0La paroisse organise des visites hebdomadaires aupr\u00e8s d\u2019elles pour les accompagner. Une \u00e9quipe compos\u00e9e de membres la\u00efcs essaie de leur apporter du r\u00e9confort par le chant et la pri\u00e8re.<\/p>\n","protected":false},"excerpt":{"rendered":"<p>Les personnes \u00e9prouv\u00e9es par l\u2019\u00e2ge ou la maladie ont besoin de soutien.\u00a0\u00a0La paroisse organise des visites hebdomadaires aupr\u00e8s d\u2019elles pour les accompagner. Une \u00e9quipe compos\u00e9e de membres la\u00efcs essaie de leur apporter du r\u00e9confort par le chant et la pri\u00e8re.<\/p>\n","protected":false},"author":4,"featured_media":0,"parent":0,"menu_order":0,"comment_status":"closed","ping_status":"closed","template":"","meta":{"footnotes":""},"class_list":["post-338","page","type-page","status-publish","hentry"],"_links":{"self":[{"href":"https:\/\/notredamedechine.fr\/index.php?rest_route=\/wp\/v2\/pages\/338","targetHints":{"allow":["GET"]}}],"collection":[{"href":"https:\/\/notredamedechine.fr\/index.php?rest_route=\/wp\/v2\/pages"}],"about":[{"href":"https:\/\/notredamedechine.fr\/index.php?rest_route=\/wp\/v2\/types\/page"}],"author":[{"embeddable":true,"href":"https:\/\/notredamedechine.fr\/index.php?rest_route=\/wp\/v2\/users\/4"}],"replies":[{"embeddable":true,"href":"https:\/\/notredamedechine.fr\/index.php?rest_route=%2Fwp%2Fv2%2Fcomments&post=338"}],"version-history":[{"count":1,"href":"https:\/\/notredamedechine.fr\/index.php?rest_route=\/wp\/v2\/pages\/338\/revisions"}],"predecessor-version":[{"id":339,"href":"https:\/\/notredamedechine.fr\/index.php?rest_route=\/wp\/v2\/pages\/338\/revisions\/339"}],"wp:attachment":[{"href":"https:\/\/notredamedechine.fr\/index.php?rest_route=%2Fwp%2Fv2%2Fmedia&parent=338"}],"curies":[{"name":"wp","href":"https:\/\/api.w.org\/{rel}","templated":true}]}}