{"id":404,"date":"2020-03-08T20:55:37","date_gmt":"2020-03-08T19:55:37","guid":{"rendered":"https:\/\/notredamedechine.fr\/?page_id=404"},"modified":"2020-03-08T21:03:48","modified_gmt":"2020-03-08T20:03:48","slug":"le-sacrement-de-lordre-lordination","status":"publish","type":"page","link":"https:\/\/notredamedechine.fr\/?page_id=404","title":{"rendered":"Le sacrement de l\u2019Ordre (l\u2019Ordination)"},"content":{"rendered":"\n<figure class=\"wp-block-image size-large is-resized\"><img loading=\"lazy\" decoding=\"async\" src=\"https:\/\/notredamedechine.fr\/wp-content\/uploads\/2020\/03\/p.21-Sacrement-de-lOrdre-1.jpg\" alt=\"\" class=\"wp-image-410\" width=\"453\" height=\"301\" srcset=\"https:\/\/notredamedechine.fr\/wp-content\/uploads\/2020\/03\/p.21-Sacrement-de-lOrdre-1.jpg 960w, https:\/\/notredamedechine.fr\/wp-content\/uploads\/2020\/03\/p.21-Sacrement-de-lOrdre-1-300x200.jpg 300w, https:\/\/notredamedechine.fr\/wp-content\/uploads\/2020\/03\/p.21-Sacrement-de-lOrdre-1-768x512.jpg 768w\" sizes=\"auto, (max-width: 453px) 100vw, 453px\" \/><\/figure>\n\n\n\n<p>Trois sacrements ne peuvent \u00eatre re\u00e7us qu\u2019une fois dans la vie&nbsp;: le Bapt\u00eame, la Confirmation et l\u2019Ordre. Le Seigneur appelle certains \u00e0 le suivre par la vie consacr\u00e9e. Si vous vous sentez appel\u00e9(e) \u00e0 une vocation sacerdotale ou religieuse, vous pouvez en parler \u00e0 un pr\u00eatre ou une religieuse ou prendre contact avec le Service des Vocations.<\/p>\n","protected":false},"excerpt":{"rendered":"<p>Trois sacrements ne peuvent \u00eatre re\u00e7us qu\u2019une fois dans la vie&nbsp;: le Bapt\u00eame, la Confirmation et l\u2019Ordre. Le Seigneur appelle certains \u00e0 le suivre par la vie consacr\u00e9e. Si vous vous sentez appel\u00e9(e) \u00e0 une vocation sacerdotale ou religieuse, vous pouvez en parler \u00e0 un pr\u00eatre ou une religieuse ou prendre contact avec le Service [&hellip;]<\/p>\n","protected":false},"author":4,"featured_media":0,"parent":0,"menu_order":0,"comment_status":"closed","ping_status":"closed","template":"","meta":{"footnotes":""},"class_list":["post-404","page","type-page","status-publish","hentry"],"_links":{"self":[{"href":"https:\/\/notredamedechine.fr\/index.php?rest_route=\/wp\/v2\/pages\/404","targetHints":{"allow":["GET"]}}],"collection":[{"href":"https:\/\/notredamedechine.fr\/index.php?rest_route=\/wp\/v2\/pages"}],"about":[{"href":"https:\/\/notredamedechine.fr\/index.php?rest_route=\/wp\/v2\/types\/page"}],"author":[{"embeddable":true,"href":"https:\/\/notredamedechine.fr\/index.php?rest_route=\/wp\/v2\/users\/4"}],"replies":[{"embeddable":true,"href":"https:\/\/notredamedechine.fr\/index.php?rest_route=%2Fwp%2Fv2%2Fcomments&post=404"}],"version-history":[{"count":2,"href":"https:\/\/notredamedechine.fr\/index.php?rest_route=\/wp\/v2\/pages\/404\/revisions"}],"predecessor-version":[{"id":411,"href":"https:\/\/notredamedechine.fr\/index.php?rest_route=\/wp\/v2\/pages\/404\/revisions\/411"}],"wp:attachment":[{"href":"https:\/\/notredamedechine.fr\/index.php?rest_route=%2Fwp%2Fv2%2Fmedia&parent=404"}],"curies":[{"name":"wp","href":"https:\/\/api.w.org\/{rel}","templated":true}]}}