{"id":507,"date":"2020-04-05T17:40:36","date_gmt":"2020-04-05T15:40:36","guid":{"rendered":"https:\/\/notredamedechine.fr\/?page_id=507"},"modified":"2020-04-05T17:40:37","modified_gmt":"2020-04-05T15:40:37","slug":"formation-des-adultes","status":"publish","type":"page","link":"https:\/\/notredamedechine.fr\/?page_id=507","title":{"rendered":"Formation des adultes"},"content":{"rendered":"\n<h3 class=\"wp-block-heading\"><a>Cat\u00e9chum\u00e9nat<\/a><\/h3>\n\n\n\n<figure class=\"wp-block-image size-large is-resized\"><img loading=\"lazy\" decoding=\"async\" src=\"https:\/\/notredamedechine.fr\/wp-content\/uploads\/2020\/04\/p.26.1cat\u00e9cum\u00e8nes-adultes-1024x768.jpg\" alt=\"\" class=\"wp-image-508\" width=\"380\" height=\"285\" srcset=\"https:\/\/notredamedechine.fr\/wp-content\/uploads\/2020\/04\/p.26.1cat\u00e9cum\u00e8nes-adultes-1024x768.jpg 1024w, https:\/\/notredamedechine.fr\/wp-content\/uploads\/2020\/04\/p.26.1cat\u00e9cum\u00e8nes-adultes-300x225.jpg 300w, https:\/\/notredamedechine.fr\/wp-content\/uploads\/2020\/04\/p.26.1cat\u00e9cum\u00e8nes-adultes-768x576.jpg 768w, https:\/\/notredamedechine.fr\/wp-content\/uploads\/2020\/04\/p.26.1cat\u00e9cum\u00e8nes-adultes-1536x1152.jpg 1536w, https:\/\/notredamedechine.fr\/wp-content\/uploads\/2020\/04\/p.26.1cat\u00e9cum\u00e8nes-adultes-2048x1536.jpg 2048w\" sizes=\"auto, (max-width: 380px) 100vw, 380px\" \/><\/figure>\n\n\n\n<p>Les cat\u00e9chum\u00e8nes et leurs accompagnateurs se r\u00e9unissent tous les dimanches pour \u00e9tudier la Parole, prier et \u00e9changer ensemble. Cette formation pr\u00e9pare les adultes \u00e0 recevoir les sacrements de l\u2019initiation chr\u00e9tienne. Le dimanche de 10h15 \u00e0 11h15 \u00e0 Notre Dame de Chine.<\/p>\n\n\n\n<h3 class=\"wp-block-heading\"><a>Pr\u00e9paration au mariage <\/a><\/h3>\n\n\n\n<p>La paroisse organise des rencontres mensuelles pour accompagner les futurs \u00e9poux \u00e0 connaitre la signification du sacrement du mariage et \u00e0 se pr\u00e9parer \u00e0 la vie conjugale. Les couples d\u00e9sireux de se marier \u00e0 l\u2019Eglise sont invit\u00e9s \u00e0 prendre contact avec le cur\u00e9 de la paroisse au moins six mois avant la c\u00e9l\u00e9bration du mariage. <\/p>\n\n\n\n<h3 class=\"wp-block-heading\"><a>Lecture de l\u2019Evangile <\/a><\/h3>\n\n\n\n<p>La paroisse organise une lecture suivie de l\u2019Evangile\ntous les dimanches apr\u00e8s la messe pour aider les participants \u00e0 aimer lire la\nParole et \u00e0 mieux conna\u00eetre le Christ. Le dimanche de\n16h45 \u00e0 18h \u00e0 l\u2019\u00e9glise Sainte Elisabeth.<\/p>\n\n\n\n<p><\/p>\n","protected":false},"excerpt":{"rendered":"<p>Cat\u00e9chum\u00e9nat Les cat\u00e9chum\u00e8nes et leurs accompagnateurs se r\u00e9unissent tous les dimanches pour \u00e9tudier la Parole, prier et \u00e9changer ensemble. Cette formation pr\u00e9pare les adultes \u00e0 recevoir les sacrements de l\u2019initiation chr\u00e9tienne. Le dimanche de 10h15 \u00e0 11h15 \u00e0 Notre Dame de Chine. Pr\u00e9paration au mariage La paroisse organise des rencontres mensuelles pour accompagner les futurs [&hellip;]<\/p>\n","protected":false},"author":4,"featured_media":0,"parent":0,"menu_order":0,"comment_status":"closed","ping_status":"closed","template":"","meta":{"footnotes":""},"class_list":["post-507","page","type-page","status-publish","hentry"],"_links":{"self":[{"href":"https:\/\/notredamedechine.fr\/index.php?rest_route=\/wp\/v2\/pages\/507","targetHints":{"allow":["GET"]}}],"collection":[{"href":"https:\/\/notredamedechine.fr\/index.php?rest_route=\/wp\/v2\/pages"}],"about":[{"href":"https:\/\/notredamedechine.fr\/index.php?rest_route=\/wp\/v2\/types\/page"}],"author":[{"embeddable":true,"href":"https:\/\/notredamedechine.fr\/index.php?rest_route=\/wp\/v2\/users\/4"}],"replies":[{"embeddable":true,"href":"https:\/\/notredamedechine.fr\/index.php?rest_route=%2Fwp%2Fv2%2Fcomments&post=507"}],"version-history":[{"count":1,"href":"https:\/\/notredamedechine.fr\/index.php?rest_route=\/wp\/v2\/pages\/507\/revisions"}],"predecessor-version":[{"id":509,"href":"https:\/\/notredamedechine.fr\/index.php?rest_route=\/wp\/v2\/pages\/507\/revisions\/509"}],"wp:attachment":[{"href":"https:\/\/notredamedechine.fr\/index.php?rest_route=%2Fwp%2Fv2%2Fmedia&parent=507"}],"curies":[{"name":"wp","href":"https:\/\/api.w.org\/{rel}","templated":true}]}}