{"id":550,"date":"2020-04-05T19:58:07","date_gmt":"2020-04-05T17:58:07","guid":{"rendered":"https:\/\/notredamedechine.fr\/?page_id=550"},"modified":"2020-04-05T19:58:08","modified_gmt":"2020-04-05T17:58:08","slug":"la-pentecote","status":"publish","type":"page","link":"https:\/\/notredamedechine.fr\/?page_id=550","title":{"rendered":"La Pentec\u00f4te"},"content":{"rendered":"\n<p> La Pentec\u00f4te\u00a0c\u00e9l\u00e8bre la venue de l&rsquo;Esprit Saint\u00a0sur les ap\u00f4tres le cinquanti\u00e8me jour apr\u00e8s P\u00e2ques (en grec,\u00a0pent\u00eakost\u00ea\u00a0signifie \u00ab cinquanti\u00e8me \u00bb).\u00a0Elle est c\u00e9l\u00e9br\u00e9e le 7<sup>e<\/sup> dimanche\u00a0apr\u00e8s P\u00e2ques et cl\u00f4t le temps pascal.  <\/p>\n","protected":false},"excerpt":{"rendered":"<p>La Pentec\u00f4te\u00a0c\u00e9l\u00e8bre la venue de l&rsquo;Esprit Saint\u00a0sur les ap\u00f4tres le cinquanti\u00e8me jour apr\u00e8s P\u00e2ques (en grec,\u00a0pent\u00eakost\u00ea\u00a0signifie \u00ab cinquanti\u00e8me \u00bb).\u00a0Elle est c\u00e9l\u00e9br\u00e9e le 7e dimanche\u00a0apr\u00e8s P\u00e2ques et cl\u00f4t le temps pascal.<\/p>\n","protected":false},"author":4,"featured_media":0,"parent":0,"menu_order":0,"comment_status":"closed","ping_status":"closed","template":"","meta":{"footnotes":""},"class_list":["post-550","page","type-page","status-publish","hentry"],"_links":{"self":[{"href":"https:\/\/notredamedechine.fr\/index.php?rest_route=\/wp\/v2\/pages\/550","targetHints":{"allow":["GET"]}}],"collection":[{"href":"https:\/\/notredamedechine.fr\/index.php?rest_route=\/wp\/v2\/pages"}],"about":[{"href":"https:\/\/notredamedechine.fr\/index.php?rest_route=\/wp\/v2\/types\/page"}],"author":[{"embeddable":true,"href":"https:\/\/notredamedechine.fr\/index.php?rest_route=\/wp\/v2\/users\/4"}],"replies":[{"embeddable":true,"href":"https:\/\/notredamedechine.fr\/index.php?rest_route=%2Fwp%2Fv2%2Fcomments&post=550"}],"version-history":[{"count":1,"href":"https:\/\/notredamedechine.fr\/index.php?rest_route=\/wp\/v2\/pages\/550\/revisions"}],"predecessor-version":[{"id":551,"href":"https:\/\/notredamedechine.fr\/index.php?rest_route=\/wp\/v2\/pages\/550\/revisions\/551"}],"wp:attachment":[{"href":"https:\/\/notredamedechine.fr\/index.php?rest_route=%2Fwp%2Fv2%2Fmedia&parent=550"}],"curies":[{"name":"wp","href":"https:\/\/api.w.org\/{rel}","templated":true}]}}

La Pentecôte

<p> La Pentecôte célèbre la venue de l&rsquo;Esprit Saint sur les apôtres le cinquantième jour après Pâques (en grec, pentêkostê signifie « cinquantième »). Elle est célébrée le 7<sup>e</sup> dimanche après Pâques et clôt le temps pascal.  </p>

<p>La Pentecôte célèbre la venue de l&rsquo;Esprit Saint sur les apôtres le cinquantième jour après Pâques (en grec, pentêkostê signifie « cinquantième »). Elle est célébrée le 7e dimanche après Pâques et clôt le temps pascal.</p>
