{"id":61,"date":"2018-06-18T18:03:21","date_gmt":"2018-06-18T16:03:21","guid":{"rendered":"https:\/\/notredamedechine.fr\/?page_id=61"},"modified":"2020-03-08T21:28:44","modified_gmt":"2020-03-08T20:28:44","slug":"liturgie","status":"publish","type":"page","link":"https:\/\/notredamedechine.fr\/?page_id=61","title":{"rendered":"Liturgie"},"content":{"rendered":"<p>Les sacrements sont des actes d\u2019alliance entre Dieu et son peuple. Ce sont des signes visibles de la gr\u00e2ce divine donn\u00e9e aux hommes. Institu\u00e9s par le Christ, ce sont des signes par lesquels les fid\u00e8les re\u00e7oivent la gr\u00e2ce de Dieu. Par l\u2019action de l\u2019Esprit-Saint, les hommes prennent conscience de la pr\u00e9sence de Dieu au milieu d\u2019eux et entendent les appels \u00e0 suivre le Christ. Sept sacrements marquent les \u00e9tapes d\u00e9cisives d\u2019une vie chr\u00e9tienne\u00a0: le Bapt\u00eame, la Confirmation, l\u2019Eucharistie, la R\u00e9conciliation (la Confession), l\u2019Onction des malades, le Mariage et l\u2019Ordre (l\u2019Ordination). Ces sept sacrements appartiennent aux trois types principaux: les sacrements de l\u2019initiation, les sacrements de la gu\u00e9rison et les sacrements de l\u2019engagement.<\/p>\n<p>Les sacrements de l\u2019initiation comprennent le Bapt\u00eame, la Confirmation, l\u2019Eucharistie\u00a0; les sacrements de la gu\u00e9rison comprennent la R\u00e9conciliation (la Confession) et l\u2019Onction des malades\u00a0; les sacrements de l\u2019engagement<\/p>\n","protected":false},"excerpt":{"rendered":"<p>Les sacrements sont des actes d\u2019alliance entre Dieu et son peuple. Ce sont des signes visibles de la gr\u00e2ce divine donn\u00e9e aux hommes. Institu\u00e9s par le Christ, ce sont des signes par lesquels les fid\u00e8les re\u00e7oivent la gr\u00e2ce de Dieu. Par l\u2019action de l\u2019Esprit-Saint, les hommes prennent conscience de la pr\u00e9sence de Dieu au milieu [&hellip;]<\/p>\n","protected":false},"author":4,"featured_media":60,"parent":0,"menu_order":0,"comment_status":"closed","ping_status":"closed","template":"","meta":{"footnotes":""},"class_list":["post-61","page","type-page","status-publish","has-post-thumbnail","hentry"],"_links":{"self":[{"href":"https:\/\/notredamedechine.fr\/index.php?rest_route=\/wp\/v2\/pages\/61","targetHints":{"allow":["GET"]}}],"collection":[{"href":"https:\/\/notredamedechine.fr\/index.php?rest_route=\/wp\/v2\/pages"}],"about":[{"href":"https:\/\/notredamedechine.fr\/index.php?rest_route=\/wp\/v2\/types\/page"}],"author":[{"embeddable":true,"href":"https:\/\/notredamedechine.fr\/index.php?rest_route=\/wp\/v2\/users\/4"}],"replies":[{"embeddable":true,"href":"https:\/\/notredamedechine.fr\/index.php?rest_route=%2Fwp%2Fv2%2Fcomments&post=61"}],"version-history":[{"count":3,"href":"https:\/\/notredamedechine.fr\/index.php?rest_route=\/wp\/v2\/pages\/61\/revisions"}],"predecessor-version":[{"id":454,"href":"https:\/\/notredamedechine.fr\/index.php?rest_route=\/wp\/v2\/pages\/61\/revisions\/454"}],"wp:featuredmedia":[{"embeddable":true,"href":"https:\/\/notredamedechine.fr\/index.php?rest_route=\/wp\/v2\/media\/60"}],"wp:attachment":[{"href":"https:\/\/notredamedechine.fr\/index.php?rest_route=%2Fwp%2Fv2%2Fmedia&parent=61"}],"curies":[{"name":"wp","href":"https:\/\/api.w.org\/{rel}","templated":true}]}}