{"id":615,"date":"2020-04-05T20:25:29","date_gmt":"2020-04-05T18:25:29","guid":{"rendered":"https:\/\/notredamedechine.fr\/?page_id=615"},"modified":"2020-04-05T20:25:29","modified_gmt":"2020-04-05T18:25:29","slug":"fete-du-double-cinq","status":"publish","type":"page","link":"https:\/\/notredamedechine.fr\/?page_id=615","title":{"rendered":"F\u00eate du Double Cinq"},"content":{"rendered":"\n<p>Comme son nom l\u2019indique, la f\u00eate du Double Cinq se\nc\u00e9l\u00e8bre le 5<sup>\u00e8me<\/sup> jour du 5<sup>\u00e8me<\/sup> mois. Cette f\u00eate tombe \u00e0 peu\npr\u00e8s aux environs du solstice d\u2019\u00e9t\u00e9. Elle comm\u00e9more la mort du po\u00e8te et homme\npolitique Qu Yuan (340 &#8211; 277 Av. JC), connu non seulement pour son talent\nlitt\u00e9raire mais surtout pour son int\u00e9grit\u00e9 morale. Il a pr\u00e9f\u00e9r\u00e9 la mort en se\njetant dans un fleuve \u00e0 la corruption des ennemis. Selon une tradition\nbimill\u00e9naire, cette f\u00eate est l\u2019occasion d\u2019organiser une fr\u00e9gate de\nbateaux-dragon et de manger des Zongzi, une sorte de g\u00e2teau de riz gluant\nenroul\u00e9 dans des feuilles de bambou. \n\nA Notre Dame de Chine, le\ngroupe de Sim\u00e9on et l\u2019\u00e9quipe de visite aux malades organisent des activit\u00e9s\nconviviales lors de la F\u00eate du Double Cinq. Les paroissiens font aussi des\nZongzi \u00e0 partager. \n\n\n\n<\/p>\n","protected":false},"excerpt":{"rendered":"<p>Comme son nom l\u2019indique, la f\u00eate du Double Cinq se c\u00e9l\u00e8bre le 5\u00e8me jour du 5\u00e8me mois. Cette f\u00eate tombe \u00e0 peu pr\u00e8s aux environs du solstice d\u2019\u00e9t\u00e9. Elle comm\u00e9more la mort du po\u00e8te et homme politique Qu Yuan (340 &#8211; 277 Av. JC), connu non seulement pour son talent litt\u00e9raire mais surtout pour son [&hellip;]<\/p>\n","protected":false},"author":4,"featured_media":0,"parent":0,"menu_order":0,"comment_status":"closed","ping_status":"closed","template":"","meta":{"footnotes":""},"class_list":["post-615","page","type-page","status-publish","hentry"],"_links":{"self":[{"href":"https:\/\/notredamedechine.fr\/index.php?rest_route=\/wp\/v2\/pages\/615","targetHints":{"allow":["GET"]}}],"collection":[{"href":"https:\/\/notredamedechine.fr\/index.php?rest_route=\/wp\/v2\/pages"}],"about":[{"href":"https:\/\/notredamedechine.fr\/index.php?rest_route=\/wp\/v2\/types\/page"}],"author":[{"embeddable":true,"href":"https:\/\/notredamedechine.fr\/index.php?rest_route=\/wp\/v2\/users\/4"}],"replies":[{"embeddable":true,"href":"https:\/\/notredamedechine.fr\/index.php?rest_route=%2Fwp%2Fv2%2Fcomments&post=615"}],"version-history":[{"count":1,"href":"https:\/\/notredamedechine.fr\/index.php?rest_route=\/wp\/v2\/pages\/615\/revisions"}],"predecessor-version":[{"id":616,"href":"https:\/\/notredamedechine.fr\/index.php?rest_route=\/wp\/v2\/pages\/615\/revisions\/616"}],"wp:attachment":[{"href":"https:\/\/notredamedechine.fr\/index.php?rest_route=%2Fwp%2Fv2%2Fmedia&parent=615"}],"curies":[{"name":"wp","href":"https:\/\/api.w.org\/{rel}","templated":true}]}}