{"id":621,"date":"2020-04-05T20:29:27","date_gmt":"2020-04-05T18:29:27","guid":{"rendered":"https:\/\/notredamedechine.fr\/?page_id=621"},"modified":"2020-04-05T20:29:27","modified_gmt":"2020-04-05T18:29:27","slug":"les-fetes-speciales","status":"publish","type":"page","link":"https:\/\/notredamedechine.fr\/?page_id=621","title":{"rendered":"Les f\u00eates sp\u00e9ciales"},"content":{"rendered":"\n<p>En plus des f\u00eates liturgiques et des f\u00eates traditionnelles chinoises, la paroisse organise particuli\u00e8rement chaque ann\u00e9e des festivit\u00e9s lors de la F\u00eate patronale de Notre dame de Chine\u00a0et de la Journ\u00e9e mondiale de pri\u00e8re pour la Chine.<\/p>\n","protected":false},"excerpt":{"rendered":"<p>En plus des f\u00eates liturgiques et des f\u00eates traditionnelles chinoises, la paroisse organise particuli\u00e8rement chaque ann\u00e9e des festivit\u00e9s lors de la F\u00eate patronale de Notre dame de Chine\u00a0et de la Journ\u00e9e mondiale de pri\u00e8re pour la Chine.<\/p>\n","protected":false},"author":4,"featured_media":0,"parent":0,"menu_order":0,"comment_status":"closed","ping_status":"closed","template":"","meta":{"footnotes":""},"class_list":["post-621","page","type-page","status-publish","hentry"],"_links":{"self":[{"href":"https:\/\/notredamedechine.fr\/index.php?rest_route=\/wp\/v2\/pages\/621","targetHints":{"allow":["GET"]}}],"collection":[{"href":"https:\/\/notredamedechine.fr\/index.php?rest_route=\/wp\/v2\/pages"}],"about":[{"href":"https:\/\/notredamedechine.fr\/index.php?rest_route=\/wp\/v2\/types\/page"}],"author":[{"embeddable":true,"href":"https:\/\/notredamedechine.fr\/index.php?rest_route=\/wp\/v2\/users\/4"}],"replies":[{"embeddable":true,"href":"https:\/\/notredamedechine.fr\/index.php?rest_route=%2Fwp%2Fv2%2Fcomments&post=621"}],"version-history":[{"count":1,"href":"https:\/\/notredamedechine.fr\/index.php?rest_route=\/wp\/v2\/pages\/621\/revisions"}],"predecessor-version":[{"id":622,"href":"https:\/\/notredamedechine.fr\/index.php?rest_route=\/wp\/v2\/pages\/621\/revisions\/622"}],"wp:attachment":[{"href":"https:\/\/notredamedechine.fr\/index.php?rest_route=%2Fwp%2Fv2%2Fmedia&parent=621"}],"curies":[{"name":"wp","href":"https:\/\/api.w.org\/{rel}","templated":true}]}}

Les fêtes spéciales

<p>En plus des fêtes liturgiques et des fêtes traditionnelles chinoises, la paroisse organise particulièrement chaque année des festivités lors de la Fête patronale de Notre dame de Chine et de la Journée mondiale de prière pour la Chine.</p>
