{"id":683,"date":"2020-04-05T21:13:45","date_gmt":"2020-04-05T19:13:45","guid":{"rendered":"https:\/\/notredamedechine.fr\/?page_id=683"},"modified":"2020-04-05T21:14:06","modified_gmt":"2020-04-05T19:14:06","slug":"pelerinage-en-israel","status":"publish","type":"page","link":"https:\/\/notredamedechine.fr\/?page_id=683","title":{"rendered":"P\u00e8lerinage en Isra\u00ebl"},"content":{"rendered":"\n<figure class=\"wp-block-image size-large is-resized\"><img loading=\"lazy\" decoding=\"async\" src=\"https:\/\/notredamedechine.fr\/wp-content\/uploads\/2020\/04\/p.44-P\u00e9lerinage-en-Isra\u00ebl-Terre-sainte-1024x768.jpg\" alt=\"\" class=\"wp-image-684\" width=\"497\" height=\"373\" srcset=\"https:\/\/notredamedechine.fr\/wp-content\/uploads\/2020\/04\/p.44-P\u00e9lerinage-en-Isra\u00ebl-Terre-sainte-1024x768.jpg 1024w, https:\/\/notredamedechine.fr\/wp-content\/uploads\/2020\/04\/p.44-P\u00e9lerinage-en-Isra\u00ebl-Terre-sainte-300x225.jpg 300w, https:\/\/notredamedechine.fr\/wp-content\/uploads\/2020\/04\/p.44-P\u00e9lerinage-en-Isra\u00ebl-Terre-sainte-768x576.jpg 768w, https:\/\/notredamedechine.fr\/wp-content\/uploads\/2020\/04\/p.44-P\u00e9lerinage-en-Isra\u00ebl-Terre-sainte.jpg 1280w\" sizes=\"auto, (max-width: 497px) 100vw, 497px\" \/><\/figure>\n\n\n\n<p>J\u00e9rusalem est le centre de la Terre Sainte qui fait r\u00eaver beaucoup de chr\u00e9tiens, car c\u2019est l\u00e0 o\u00f9 le Seigneur J\u00e9sus a v\u00e9cu son myst\u00e8re pascal. Un p\u00e8lerinage a \u00e9t\u00e9 organis\u00e9 du 4 au 14 mars 2018 par la communaut\u00e9 catholique chinoise de Paris. 50 paroissiens ont fait ce voyage de 10 jours rempli de gr\u00e2ce et de joie.<\/p>\n","protected":false},"excerpt":{"rendered":"<p>J\u00e9rusalem est le centre de la Terre Sainte qui fait r\u00eaver beaucoup de chr\u00e9tiens, car c\u2019est l\u00e0 o\u00f9 le Seigneur J\u00e9sus a v\u00e9cu son myst\u00e8re pascal. Un p\u00e8lerinage a \u00e9t\u00e9 organis\u00e9 du 4 au 14 mars 2018 par la communaut\u00e9 catholique chinoise de Paris. 50 paroissiens ont fait ce voyage de 10 jours rempli de [&hellip;]<\/p>\n","protected":false},"author":4,"featured_media":0,"parent":0,"menu_order":0,"comment_status":"closed","ping_status":"closed","template":"","meta":{"footnotes":""},"class_list":["post-683","page","type-page","status-publish","hentry"],"_links":{"self":[{"href":"https:\/\/notredamedechine.fr\/index.php?rest_route=\/wp\/v2\/pages\/683","targetHints":{"allow":["GET"]}}],"collection":[{"href":"https:\/\/notredamedechine.fr\/index.php?rest_route=\/wp\/v2\/pages"}],"about":[{"href":"https:\/\/notredamedechine.fr\/index.php?rest_route=\/wp\/v2\/types\/page"}],"author":[{"embeddable":true,"href":"https:\/\/notredamedechine.fr\/index.php?rest_route=\/wp\/v2\/users\/4"}],"replies":[{"embeddable":true,"href":"https:\/\/notredamedechine.fr\/index.php?rest_route=%2Fwp%2Fv2%2Fcomments&post=683"}],"version-history":[{"count":1,"href":"https:\/\/notredamedechine.fr\/index.php?rest_route=\/wp\/v2\/pages\/683\/revisions"}],"predecessor-version":[{"id":685,"href":"https:\/\/notredamedechine.fr\/index.php?rest_route=\/wp\/v2\/pages\/683\/revisions\/685"}],"wp:attachment":[{"href":"https:\/\/notredamedechine.fr\/index.php?rest_route=%2Fwp%2Fv2%2Fmedia&parent=683"}],"curies":[{"name":"wp","href":"https:\/\/api.w.org\/{rel}","templated":true}]}}