{"id":737,"date":"2022-07-14T15:53:10","date_gmt":"2022-07-14T13:53:10","guid":{"rendered":"https:\/\/notredamedechine.fr\/?page_id=737"},"modified":"2022-07-14T16:03:51","modified_gmt":"2022-07-14T14:03:51","slug":"randonnee-dete","status":"publish","type":"page","link":"https:\/\/notredamedechine.fr\/?page_id=737","title":{"rendered":"Randonn\u00e9e d&rsquo;\u00e9t\u00e9"},"content":{"rendered":"\n<p>Le 10 juillet 2022, plusieurs \u00e9quipes paroissiales ont organis\u00e9 conjointement une randonn\u00e9e dans l&rsquo;Essonne. Des b\u00e9n\u00e9voles des activit\u00e9s caritatives de la paroisse, les professeurs et les \u00e9l\u00e8ves de la classe de FLE et d&rsquo;autres paroissiens y ont particip\u00e9.<\/p>\n\n\n\n<p>Les randonneurs ont parcouru 8 kms en 3 heures. Tous les participants ont pl\u00e9biscit\u00e9 cet \u00e9v\u00e9nement, notamment ceux qui ne sont pas croyants. Ils ont encourag\u00e9 la paroisse Notre Dame de Chine \u00e0 organiser plus d&rsquo;activit\u00e9s ouvertes aux Chinois non croyants de Paris.<\/p>\n\n\n\n<figure class=\"wp-block-image size-large\"><img loading=\"lazy\" decoding=\"async\" width=\"1024\" height=\"576\" src=\"https:\/\/notredamedechine.fr\/wp-content\/uploads\/2022\/07\/WeChat-Image_20220714155043-1024x576.jpg\" alt=\"\" class=\"wp-image-738\" srcset=\"https:\/\/notredamedechine.fr\/wp-content\/uploads\/2022\/07\/WeChat-Image_20220714155043-1024x576.jpg 1024w, https:\/\/notredamedechine.fr\/wp-content\/uploads\/2022\/07\/WeChat-Image_20220714155043-300x169.jpg 300w, https:\/\/notredamedechine.fr\/wp-content\/uploads\/2022\/07\/WeChat-Image_20220714155043-768x432.jpg 768w, https:\/\/notredamedechine.fr\/wp-content\/uploads\/2022\/07\/WeChat-Image_20220714155043-1536x864.jpg 1536w, https:\/\/notredamedechine.fr\/wp-content\/uploads\/2022\/07\/WeChat-Image_20220714155043-2048x1152.jpg 2048w\" sizes=\"auto, (max-width: 1024px) 100vw, 1024px\" \/><\/figure>\n","protected":false},"excerpt":{"rendered":"<p>Le 10 juillet 2022, plusieurs \u00e9quipes paroissiales ont organis\u00e9 conjointement une randonn\u00e9e dans l&rsquo;Essonne. Des b\u00e9n\u00e9voles des activit\u00e9s caritatives de la paroisse, les professeurs et les \u00e9l\u00e8ves de la classe de FLE et d&rsquo;autres paroissiens y ont particip\u00e9. Les randonneurs ont parcouru 8 kms en 3 heures. Tous les participants ont pl\u00e9biscit\u00e9 cet \u00e9v\u00e9nement, notamment [&hellip;]<\/p>\n","protected":false},"author":4,"featured_media":0,"parent":0,"menu_order":0,"comment_status":"closed","ping_status":"closed","template":"","meta":{"footnotes":""},"class_list":["post-737","page","type-page","status-publish","hentry"],"_links":{"self":[{"href":"https:\/\/notredamedechine.fr\/index.php?rest_route=\/wp\/v2\/pages\/737","targetHints":{"allow":["GET"]}}],"collection":[{"href":"https:\/\/notredamedechine.fr\/index.php?rest_route=\/wp\/v2\/pages"}],"about":[{"href":"https:\/\/notredamedechine.fr\/index.php?rest_route=\/wp\/v2\/types\/page"}],"author":[{"embeddable":true,"href":"https:\/\/notredamedechine.fr\/index.php?rest_route=\/wp\/v2\/users\/4"}],"replies":[{"embeddable":true,"href":"https:\/\/notredamedechine.fr\/index.php?rest_route=%2Fwp%2Fv2%2Fcomments&post=737"}],"version-history":[{"count":1,"href":"https:\/\/notredamedechine.fr\/index.php?rest_route=\/wp\/v2\/pages\/737\/revisions"}],"predecessor-version":[{"id":740,"href":"https:\/\/notredamedechine.fr\/index.php?rest_route=\/wp\/v2\/pages\/737\/revisions\/740"}],"wp:attachment":[{"href":"https:\/\/notredamedechine.fr\/index.php?rest_route=%2Fwp%2Fv2%2Fmedia&parent=737"}],"curies":[{"name":"wp","href":"https:\/\/api.w.org\/{rel}","templated":true}]}}

Randonnée d&rsquo;été

<p>Le 10 juillet 2022, plusieurs équipes paroissiales ont organisé conjointement une randonnée dans l&rsquo;Essonne. Des bénévoles des activités caritatives de la paroisse, les professeurs et les élèves de la classe de FLE et d&rsquo;autres paroissiens y ont participé.</p>



<p>Les randonneurs ont parcouru 8 kms en 3 heures. Tous les participants ont plébiscité cet événement, notamment ceux qui ne sont pas croyants. Ils ont encouragé la paroisse Notre Dame de Chine à organiser plus d&rsquo;activités ouvertes aux Chinois non croyants de Paris.</p>



<figure class="wp-block-image size-large"><img loading="lazy" decoding="async" width="1024" height="576" src="https://notredamedechine.fr/wp-content/uploads/2022/07/WeChat-Image_20220714155043-1024x576.jpg" alt="" class="wp-image-738" srcset="https://notredamedechine.fr/wp-content/uploads/2022/07/WeChat-Image_20220714155043-1024x576.jpg 1024w, https://notredamedechine.fr/wp-content/uploads/2022/07/WeChat-Image_20220714155043-300x169.jpg 300w, https://notredamedechine.fr/wp-content/uploads/2022/07/WeChat-Image_20220714155043-768x432.jpg 768w, https://notredamedechine.fr/wp-content/uploads/2022/07/WeChat-Image_20220714155043-1536x864.jpg 1536w, https://notredamedechine.fr/wp-content/uploads/2022/07/WeChat-Image_20220714155043-2048x1152.jpg 2048w" sizes="auto, (max-width: 1024px) 100vw, 1024px" /></figure>

<p>Le 10 juillet 2022, plusieurs équipes paroissiales ont organisé conjointement une randonnée dans l&rsquo;Essonne. Des bénévoles des activités caritatives de la paroisse, les professeurs et les élèves de la classe de FLE et d&rsquo;autres paroissiens y ont participé. Les randonneurs ont parcouru 8 kms en 3 heures. Tous les participants ont plébiscité cet événement, notamment [&hellip;]</p>
