{"id":757,"date":"2022-07-15T13:27:18","date_gmt":"2022-07-15T11:27:18","guid":{"rendered":"https:\/\/notredamedechine.fr\/?page_id=757"},"modified":"2022-07-15T13:37:04","modified_gmt":"2022-07-15T11:37:04","slug":"messe-concelebree-pour-lukraine","status":"publish","type":"page","link":"https:\/\/notredamedechine.fr\/?page_id=757","title":{"rendered":"Messe conc\u00e9l\u00e9br\u00e9e pour l&rsquo;Ukraine"},"content":{"rendered":"\n<p>Le Vicaire g\u00e9n\u00e9ral de l&rsquo;\u00c9parchie Saint-Volodymyr le Grand de Paris, P\u00e8re Ihor Rantsya, a conc\u00e9l\u00e9br\u00e9 la messe dominicale \u00e0 Notre Dame de Chine le10 juillet 2022. Pendant la c\u00e9l\u00e9bration, P\u00e8re Ihor Rantsya a tenu \u00e0 remercier, de la part de l&rsquo;\u00e9glise gr\u00e9co-catholique ukrainienne en France et au Benelux, les paroissiens de Notre Dame de Chine pour leurs dons aux victimes de la guerre en Ukraine. Leur g\u00e9n\u00e9rosit\u00e9 de c\u0153ur et d&rsquo;esprit est un t\u00e9moignage de l&rsquo;\u00e9vangile.<\/p>\n\n\n\n<figure class=\"wp-block-image size-large\"><img loading=\"lazy\" decoding=\"async\" width=\"1024\" height=\"682\" src=\"https:\/\/notredamedechine.fr\/wp-content\/uploads\/2022\/07\/WeChat-Image_20220715130942-1024x682.jpg\" alt=\"\" class=\"wp-image-758\" srcset=\"https:\/\/notredamedechine.fr\/wp-content\/uploads\/2022\/07\/WeChat-Image_20220715130942-1024x682.jpg 1024w, https:\/\/notredamedechine.fr\/wp-content\/uploads\/2022\/07\/WeChat-Image_20220715130942-300x200.jpg 300w, https:\/\/notredamedechine.fr\/wp-content\/uploads\/2022\/07\/WeChat-Image_20220715130942-768x512.jpg 768w, https:\/\/notredamedechine.fr\/wp-content\/uploads\/2022\/07\/WeChat-Image_20220715130942-1536x1023.jpg 1536w, https:\/\/notredamedechine.fr\/wp-content\/uploads\/2022\/07\/WeChat-Image_20220715130942.jpg 1600w\" sizes=\"auto, (max-width: 1024px) 100vw, 1024px\" \/><\/figure>\n","protected":false},"excerpt":{"rendered":"<p>Le Vicaire g\u00e9n\u00e9ral de l&rsquo;\u00c9parchie Saint-Volodymyr le Grand de Paris, P\u00e8re Ihor Rantsya, a conc\u00e9l\u00e9br\u00e9 la messe dominicale \u00e0 Notre Dame de Chine le10 juillet 2022. Pendant la c\u00e9l\u00e9bration, P\u00e8re Ihor Rantsya a tenu \u00e0 remercier, de la part de l&rsquo;\u00e9glise gr\u00e9co-catholique ukrainienne en France et au Benelux, les paroissiens de Notre Dame de Chine [&hellip;]<\/p>\n","protected":false},"author":4,"featured_media":0,"parent":0,"menu_order":0,"comment_status":"closed","ping_status":"closed","template":"","meta":{"footnotes":""},"class_list":["post-757","page","type-page","status-publish","hentry"],"_links":{"self":[{"href":"https:\/\/notredamedechine.fr\/index.php?rest_route=\/wp\/v2\/pages\/757","targetHints":{"allow":["GET"]}}],"collection":[{"href":"https:\/\/notredamedechine.fr\/index.php?rest_route=\/wp\/v2\/pages"}],"about":[{"href":"https:\/\/notredamedechine.fr\/index.php?rest_route=\/wp\/v2\/types\/page"}],"author":[{"embeddable":true,"href":"https:\/\/notredamedechine.fr\/index.php?rest_route=\/wp\/v2\/users\/4"}],"replies":[{"embeddable":true,"href":"https:\/\/notredamedechine.fr\/index.php?rest_route=%2Fwp%2Fv2%2Fcomments&post=757"}],"version-history":[{"count":1,"href":"https:\/\/notredamedechine.fr\/index.php?rest_route=\/wp\/v2\/pages\/757\/revisions"}],"predecessor-version":[{"id":760,"href":"https:\/\/notredamedechine.fr\/index.php?rest_route=\/wp\/v2\/pages\/757\/revisions\/760"}],"wp:attachment":[{"href":"https:\/\/notredamedechine.fr\/index.php?rest_route=%2Fwp%2Fv2%2Fmedia&parent=757"}],"curies":[{"name":"wp","href":"https:\/\/api.w.org\/{rel}","templated":true}]}}

Messe concélébrée pour l&rsquo;Ukraine

<p>Le Vicaire général de l&rsquo;Éparchie Saint-Volodymyr le Grand de Paris, Père Ihor Rantsya, a concélébré la messe dominicale à Notre Dame de Chine le10 juillet 2022. Pendant la célébration, Père Ihor Rantsya a tenu à remercier, de la part de l&rsquo;église gréco-catholique ukrainienne en France et au Benelux, les paroissiens de Notre Dame de Chine pour leurs dons aux victimes de la guerre en Ukraine. Leur générosité de cœur et d&rsquo;esprit est un témoignage de l&rsquo;évangile.</p>



<figure class="wp-block-image size-large"><img loading="lazy" decoding="async" width="1024" height="682" src="https://notredamedechine.fr/wp-content/uploads/2022/07/WeChat-Image_20220715130942-1024x682.jpg" alt="" class="wp-image-758" srcset="https://notredamedechine.fr/wp-content/uploads/2022/07/WeChat-Image_20220715130942-1024x682.jpg 1024w, https://notredamedechine.fr/wp-content/uploads/2022/07/WeChat-Image_20220715130942-300x200.jpg 300w, https://notredamedechine.fr/wp-content/uploads/2022/07/WeChat-Image_20220715130942-768x512.jpg 768w, https://notredamedechine.fr/wp-content/uploads/2022/07/WeChat-Image_20220715130942-1536x1023.jpg 1536w, https://notredamedechine.fr/wp-content/uploads/2022/07/WeChat-Image_20220715130942.jpg 1600w" sizes="auto, (max-width: 1024px) 100vw, 1024px" /></figure>

<p>Le Vicaire général de l&rsquo;Éparchie Saint-Volodymyr le Grand de Paris, Père Ihor Rantsya, a concélébré la messe dominicale à Notre Dame de Chine le10 juillet 2022. Pendant la célébration, Père Ihor Rantsya a tenu à remercier, de la part de l&rsquo;église gréco-catholique ukrainienne en France et au Benelux, les paroissiens de Notre Dame de Chine [&hellip;]</p>
